der when 2483 is divided by 46?
45
What is the remainder when 456 is divided by 39?
27
Calculate the remainder when 2704 is divided by 538.
14
Calculate the remainder when 5020 is divided by 1672.
4
What is the remainder when 96 is divided by 51?
45
Calculate the remainder when 1413 is divided by 352.
5
What is the remainder when 1378 is divided by 682?
14
Calculate the remainder when 114 is divided by 109.
5
Calculate the remainder when 2462 is divided by 65.
57
Calculate the remainder when 58 is divided by 18.
4
What is the remainder when 191 is divided by 157?
34
What is the remainder when 829 is divided by 4?
1
Calculate the remainder when 167 is divided by 13.
11
What is the remainder when 145 is divided by 46?
7
What is the remainder when 9834 is divided by 7?
6
What is the remainder when 107 is divided by 27?
26
Calculate the remainder when 981 is divided by 52.
45
What is the remainder when 1233 is divided by 159?
120
What is the remainder when 115 is divided by 65?
50
What is the remainder when 241 is divided by 16?
1
Calculate the remainder when 126 is divided by 34.
24
Calculate the remainder when 2506 is divided by 157.
151
Calculate the remainder when 262 is divided by 58.
30
What is the remainder when 1817 is divided by 107?
105
Calculate the remainder when 643 is divided by 34.
31
Calculate the remainder when 155 is divided by 12.
11
Calculate the remainder when 31 is divided by 14.
3
What is the remainder when 4295 is divided by 8?
7
Calculate the remainder when 643 is divided by 38.
35
What is the remainder when 645 is divided by 28?
1
What is the remainder when 47 is divided by 1?
0
What is the remainder when 45 is divided by 24?
21
What is the remainder when 479 is divided by 42?
17
What is the remainder when 799 is divided by 127?
37
What is the remainder when 70 is divided by 16?
6
Calculate the remainder when 316 is divided by 7.
1
What is the remainder when 1563 is divided by 58?
55
What is the remainder when 9403 is divided by 41?
14
Calculate the remainder when 3046 is divided by 235.
226
Calculate the remainder when 642 is divided by 211.
9
What is the remainder when 259 is divided by 20?
19
What is the remainder when 18 is divided by 6?
0
What is the remainder when 815 is divided by 51?
50
Calculate the remainder when 10848 is divided by 217.
215
Calculate the remainder when 237 is divided by 65.
42
What is the remainder when 2020 is divided by 183?
7
What is the remainder when 242 is divided by 58?
10
Calculate the remainder when 29969 is divided by 222.
221
What is the remainder when 166 is divided by 84?
82
Calculate the remainder when 46 is divided by 28.
18
Calculate the remainder when 434 is divided by 431.
3
Calculate the remainder when 147 is divided by 7.
0
Calculate the remainder when 2733 is divided by 36.
33
What is the remainder when 47 is divided by 14?
5
Calculate the remainder when 90 is divided by 47.
43
Calculate the remainder when 661 is divided by 39.
37
Calculate the remainder when 357 is divided by 28.
21
What is the remainder when 420 is divided by 47?
44
Calculate the remainder when 1922 is divided by 54.
32
Calculate the remainder when 1720 is divided by 42.
40
What is the remainder when 191 is divided by 177?
14
Calculate the remainder when 437 is divided by 2.
1
Calculate the remainder when 232 is divided by 64.
40
Calculate the remainder when 889 is divided by 11.
9
Calculate the remainder when 463 is divided by 211.
41
Calculate the remainder when 1704 is divided by 155.
154
What is the remainder when 2159 is divided by 80?
79
Calculate the remainder when 2691 is divided by 91.
52
What is the remainder when 283 is divided by 73?
64
Calculate the remainder when 127 is divided by 60.
7
Calculate the remainder when 2356 is divided by 766.
58
Calculate the remainder when 1217 is divided by 33.
29
Calculate the remainder when 6315 is divided by 451.
1
What is the remainder when 258 is divided by 76?
30
What is the remainder when 80 is divided by 22?
14
Calculate the remainder when 434 is divided by 15.
14
What is the remainder when 229 is divided by 94?
41
Calculate the remainder when 87 is divided by 13.
9
Calculate the remainder when 1714 is divided by 33.
31
Calculate the remainder when 159 is divided by 20.
19
What is the remainder when 640 is divided by 312?
16
What is the remainder when 477 is divided by 176?
125
What is the remainder when 179 is divided by 10?
9
Calculate the remainder when 27 is divided by 8.
3
What is the remainder when 249 is divided by 87?
75
Calculate the remainder when 320 is divided by 59.
25
Calculate the remainder when 48 is divided by 9.
3
Calculate the remainder when 32 is divided by 16.
0
Calculate the remainder when 261 is divided by 36.
9
Calculate the remainder when 503 is divided by 89.
58
Calculate the remainder when 645 is divided by 107.
3
What is the remainder when 1998 is divided by 80?
78
What is the remainder when 643 is divided by 18?
13
Calculate the remainder when 1214 is divided by 402.
8
What is the remainder when 1447 is divided by 67?
40
What is the remainder when 146 is divided by 30?
26
Calculate the remainder when 4001 is divided by 800.
1
What is the remainder when 601 is divided by 55?
51
Calculate the remainder when 20 is divided by 4.
0
What is the remainder when 200 is divided by 12?
8
Calculate the remainder when 144 is divided by 22.
12
What is the remainder when 224 is divided by 75?
74
What is the remainder when 7521 is divided by 114?
111
Calculate the remainder when 192 is divided by 13.
10
Calculate the remainder when 319 is divided by 80.
79
Calculate the remainder when 157 is divided by 53.
51
Calculate the remainder when 628 is divided by 22.
12
Calculate the remainder when 1713 is divided by 87.
60
Calculate the remainder when 840 is divided by 48.
24
Calculate the remainder when 451 is divided by 149.
4
What is the remainder when 748 is divided by 248?
4
Calculate the remainder when 492 is divided by 249.
243
Calculate the remainder when 157 is divided by 16.
13
What is the remainder when 202 is divided by 41?
38
Calculate the remainder when 3967 is divided by 84.
19
Calculate the remainder when 97 is divided by 44.
9
What is the remainder when 218 is divided by 3?
2
Calculate the remainder when 245 is divided by 69.
38
What is the remainder when 988 is divided by 20?
8
Calculate the remainder when 628 is divided by 29.
19
What is the remainder when 43 is divided by 26?
17
What is the remainder when 158 is divided by 84?
74
Calculate the remainder when 181 is divided by 88.
5
Calculate the remainder when 599 is divided by 67.
63
What is the remainder when 296 is divided by 18?
8
Calculate the remainder when 974 is divided by 75.
74
Calculate the remainder when 683 is divided by 36.
35
What is the remainder when 513 is divided by 37?
32
Calculate the remainder when 749 is divided by 29.
24
Calculate the remainder when 337 is divided by 14.
1
What is the remainder when 95 is divided by 22?
7
Calculate the remainder when 61 is divided by 22.
17
Calculate the remainder when 1157 is divided by 1136.
21
Calculate the remainder when 234 is divided by 80.
74
What is the remainder when 713 is divided by 36?
29
What is the remainder when 6489 is divided by 47?
3
What is the remainder when 18167 is divided by 256?
247
What is the remainder when 71 is divided by 32?
7
Calculate the remainder when 220 is divided by 42.
10
What is the remainder when 567 is divided by 71?
70
Calculate the remainder when 139 is divided by 123.
16
Calculate the remainder when 612 is divided by 126.
108
What is the remainder when 42 is divided by 10?
2
Calculate the remainder when 132 is divided by 39.
15
What is the remainder when 173 is divided by 44?
41
What is the remainder when 1081 is divided by 339?
64
Calculate the remainder when 132 is divided by 40.
12
What is the remainder when 318 is divided by 8?
6
Calculate the remainder when 304 is divided by 18.
16
What is the remainder when 124 is divided by 29?
8
What is the remainder when 1887 is divided by 31?
27
What is the remainder when 191 is divided by 95?
1
Calculate the remainder when 3926 is divided by 187.
186
What is the remainder when 62 is divided by 56?
6
Calculate the remainder when 